{"id":70,"date":"2014-02-10T21:29:17","date_gmt":"2014-02-10T20:29:17","guid":{"rendered":"http:\/\/cdvela.blogs.upv.es\/?page_id=70"},"modified":"2014-02-10T21:29:17","modified_gmt":"2014-02-10T20:29:17","slug":"los-patrones","status":"publish","type":"page","link":"https:\/\/cdvela.blogs.upv.es\/?page_id=70","title":{"rendered":"Los Patrones"},"content":{"rendered":"<p>Los patrones son los responsables del buen uso de la embarcaci\u00f3n en las regatas y entrenamientos, y por tanto del barco y las personas que navegan con \u00e9l.<\/p>\n<p>Es imprescindible que los patrones que utilizan las embarcaciones de la UPV est\u00e9n autorizados, asumiendo la responsabilidad que ello conlleva. Estos patrones tienen que tener las habilidades y aptitudes necesarias para desenvolverse en regatas y entrenamientos. Esta autorizaci\u00f3n la debe conceder el \u00c1rea de Deportes como armador de las embarcaciones.<\/p>\n<p>Los <b>requisitos<\/b> para optar a ser patr\u00f3n ser\u00e1n los siguientes:<\/p>\n<ul>\n<li>Ser miembro de la Comunidad Universitaria.<\/li>\n<li>Ser socio deportivo de la UPV.<\/li>\n<li>Estar federado.<\/li>\n<li>Disponer de la titulaci\u00f3n n\u00e1utica deportiva exigida por la legislaci\u00f3n.<\/li>\n<li>Capacitaci\u00f3n (aptitud, habilidad, destreza) personal para el manejo de la embarcaci\u00f3n.<\/li>\n<li>Tener experiencia previa en el manejo de embarcaciones de caracter\u00edsticas similares a las de la UPV<\/li>\n<\/ul>\n<p><b>Derechos<\/b> de los patrones:<\/p>\n<ul>\n<li>Utilizar las embarcaciones UPV, para las que han sido autorizados, en regatas y entrenamientos programados.<\/li>\n<li>Organizar y seleccionar a los tripulantes que han de formar parte de su tripulaci\u00f3n, siempre respetando la normativa de tripulantes.<\/li>\n<\/ul>\n<p><b>Obligaciones<\/b> de los patrones:<\/p>\n<ul>\n<li>Hacer un buen uso de la embarcaci\u00f3n y esmerarse siempre por la seguridad de su tripulaci\u00f3n.<\/li>\n<li>Responsabilizarse y asumir las tareas de mantenimiento de la embarcaci\u00f3n<\/li>\n<li>Asumir la responsabilidad de ser el m\u00e1ximo responsable de la embarcaci\u00f3n mientras la patronea y colaborar en las tareas de gesti\u00f3n y mantenimiento.<\/li>\n<li>Cumplimentar el diario del barco para cada actividad.<\/li>\n<li>Revisar, controlar y actualizar el inventario de material de la embarcaci\u00f3n.<\/li>\n<li>Coordinar las inscripciones con la secretar\u00eda del club y\/o la organizaci\u00f3n de la regata.<\/li>\n<li>Recoger, si es posible, una hoja de clasificaciones y adjuntarla al informe para que conste para la memoria deportiva del Proyecto.<\/li>\n<li>Incluir con suficiente antelaci\u00f3n la informaci\u00f3n de la regata en el calendario de la p\u00e1gina web del Proyecto.<\/li>\n<\/ul>\n","protected":false},"excerpt":{"rendered":"<p>Los patrones son los responsables del buen uso de la embarcaci\u00f3n en las regatas y entrenamientos, y por tanto del barco y las personas que navegan con \u00e9l. Es imprescindible [&hellip;]<\/p>\n","protected":false},"author":109,"featured_media":0,"parent":63,"menu_order":4,"comment_status":"closed","ping_status":"open","template":"template-sidebar-right.php","meta":{"footnotes":""},"class_list":["post-70","page","type-page","status-publish","hentry"],"yoast_head":"<!-- This site is optimized with the Yoast SEO plugin v27.3 - https:\/\/yoast.com\/product\/yoast-seo-wordpress\/ -->\n<title>Los Patrones - Equipo de Regatas de Vela de la UPV<\/title>\n<meta name=\"robots\" content=\"index, follow, max-snippet:-1, max-image-preview:large, max-video-preview:-1\" \/>\n<link rel=\"canonical\" href=\"https:\/\/cdvela.blogs.upv.es\/?page_id=70\" \/>\n<meta property=\"og:locale\" content=\"es_ES\" \/>\n<meta property=\"og:type\" content=\"article\" \/>\n<meta property=\"og:title\" content=\"Los Patrones - Equipo de Regatas de Vela de la UPV\" \/>\n<meta property=\"og:description\" content=\"Los patrones son los responsables del buen uso de la embarcaci\u00f3n en las regatas y entrenamientos, y por tanto del barco y las personas que navegan con \u00e9l. Es imprescindible [&hellip;]\" \/>\n<meta property=\"og:url\" content=\"https:\/\/cdvela.blogs.upv.es\/?page_id=70\" \/>\n<meta property=\"og:site_name\" content=\"Equipo de Regatas de Vela de la UPV\" \/>\n<meta name=\"twitter:card\" content=\"summary_large_image\" \/>\n<meta name=\"twitter:label1\" content=\"Tiempo de lectura\" \/>\n\t<meta name=\"twitter:data1\" content=\"2 minutos\" \/>\n<script type=\"application\/ld+json\" class=\"yoast-schema-graph\">{\"@context\":\"https:\\\/\\\/schema.org\",\"@graph\":[{\"@type\":\"WebPage\",\"@id\":\"https:\\\/\\\/cdvela.blogs.upv.es\\\/?page_id=70\",\"url\":\"https:\\\/\\\/cdvela.blogs.upv.es\\\/?page_id=70\",\"name\":\"Los Patrones - Equipo de Regatas de Vela de la UPV\",\"isPartOf\":{\"@id\":\"https:\\\/\\\/cdvela.blogs.upv.es\\\/#website\"},\"datePublished\":\"2014-02-10T20:29:17+00:00\",\"breadcrumb\":{\"@id\":\"https:\\\/\\\/cdvela.blogs.upv.es\\\/?page_id=70#breadcrumb\"},\"inLanguage\":\"es\",\"potentialAction\":[{\"@type\":\"ReadAction\",\"target\":[\"https:\\\/\\\/cdvela.blogs.upv.es\\\/?page_id=70\"]}]},{\"@type\":\"BreadcrumbList\",\"@id\":\"https:\\\/\\\/cdvela.blogs.upv.es\\\/?page_id=70#breadcrumb\",\"itemListElement\":[{\"@type\":\"ListItem\",\"position\":1,\"name\":\"Portada\",\"item\":\"https:\\\/\\\/cdvela.blogs.upv.es\\\/\"},{\"@type\":\"ListItem\",\"position\":2,\"name\":\"Actividades\",\"item\":\"https:\\\/\\\/cdvela.blogs.upv.es\\\/?page_id=47\"},{\"@type\":\"ListItem\",\"position\":3,\"name\":\"Gesti\u00f3n y mantenimiento de las embarcaciones de la UPV\",\"item\":\"https:\\\/\\\/cdvela.blogs.upv.es\\\/?page_id=63\"},{\"@type\":\"ListItem\",\"position\":4,\"name\":\"Los Patrones\"}]},{\"@type\":\"WebSite\",\"@id\":\"https:\\\/\\\/cdvela.blogs.upv.es\\\/#website\",\"url\":\"https:\\\/\\\/cdvela.blogs.upv.es\\\/\",\"name\":\"Equipo de Regatas de Vela de la UPV\",\"description\":\"Web del Equipo de Regatas de Vela modalidad crucero de la UPV\",\"potentialAction\":[{\"@type\":\"SearchAction\",\"target\":{\"@type\":\"EntryPoint\",\"urlTemplate\":\"https:\\\/\\\/cdvela.blogs.upv.es\\\/?s={search_term_string}\"},\"query-input\":{\"@type\":\"PropertyValueSpecification\",\"valueRequired\":true,\"valueName\":\"search_term_string\"}}],\"inLanguage\":\"es\"}]}<\/script>\n<!-- \/ Yoast SEO plugin. -->","yoast_head_json":{"title":"Los Patrones - Equipo de Regatas de Vela de la UPV","robots":{"index":"index","follow":"follow","max-snippet":"max-snippet:-1","max-image-preview":"max-image-preview:large","max-video-preview":"max-video-preview:-1"},"canonical":"https:\/\/cdvela.blogs.upv.es\/?page_id=70","og_locale":"es_ES","og_type":"article","og_title":"Los Patrones - Equipo de Regatas de Vela de la UPV","og_description":"Los patrones son los responsables del buen uso de la embarcaci\u00f3n en las regatas y entrenamientos, y por tanto del barco y las personas que navegan con \u00e9l. Es imprescindible [&hellip;]","og_url":"https:\/\/cdvela.blogs.upv.es\/?page_id=70","og_site_name":"Equipo de Regatas de Vela de la UPV","twitter_card":"summary_large_image","twitter_misc":{"Tiempo de lectura":"2 minutos"},"schema":{"@context":"https:\/\/schema.org","@graph":[{"@type":"WebPage","@id":"https:\/\/cdvela.blogs.upv.es\/?page_id=70","url":"https:\/\/cdvela.blogs.upv.es\/?page_id=70","name":"Los Patrones - Equipo de Regatas de Vela de la UPV","isPartOf":{"@id":"https:\/\/cdvela.blogs.upv.es\/#website"},"datePublished":"2014-02-10T20:29:17+00:00","breadcrumb":{"@id":"https:\/\/cdvela.blogs.upv.es\/?page_id=70#breadcrumb"},"inLanguage":"es","potentialAction":[{"@type":"ReadAction","target":["https:\/\/cdvela.blogs.upv.es\/?page_id=70"]}]},{"@type":"BreadcrumbList","@id":"https:\/\/cdvela.blogs.upv.es\/?page_id=70#breadcrumb","itemListElement":[{"@type":"ListItem","position":1,"name":"Portada","item":"https:\/\/cdvela.blogs.upv.es\/"},{"@type":"ListItem","position":2,"name":"Actividades","item":"https:\/\/cdvela.blogs.upv.es\/?page_id=47"},{"@type":"ListItem","position":3,"name":"Gesti\u00f3n y mantenimiento de las embarcaciones de la UPV","item":"https:\/\/cdvela.blogs.upv.es\/?page_id=63"},{"@type":"ListItem","position":4,"name":"Los Patrones"}]},{"@type":"WebSite","@id":"https:\/\/cdvela.blogs.upv.es\/#website","url":"https:\/\/cdvela.blogs.upv.es\/","name":"Equipo de Regatas de Vela de la UPV","description":"Web del Equipo de Regatas de Vela modalidad crucero de la UPV","potentialAction":[{"@type":"SearchAction","target":{"@type":"EntryPoint","urlTemplate":"https:\/\/cdvela.blogs.upv.es\/?s={search_term_string}"},"query-input":{"@type":"PropertyValueSpecification","valueRequired":true,"valueName":"search_term_string"}}],"inLanguage":"es"}]}},"_links":{"self":[{"href":"https:\/\/cdvela.blogs.upv.es\/index.php?rest_route=\/wp\/v2\/pages\/70","targetHints":{"allow":["GET"]}}],"collection":[{"href":"https:\/\/cdvela.blogs.upv.es\/index.php?rest_route=\/wp\/v2\/pages"}],"about":[{"href":"https:\/\/cdvela.blogs.upv.es\/index.php?rest_route=\/wp\/v2\/types\/page"}],"author":[{"embeddable":true,"href":"https:\/\/cdvela.blogs.upv.es\/index.php?rest_route=\/wp\/v2\/users\/109"}],"replies":[{"embeddable":true,"href":"https:\/\/cdvela.blogs.upv.es\/index.php?rest_route=%2Fwp%2Fv2%2Fcomments&post=70"}],"version-history":[{"count":0,"href":"https:\/\/cdvela.blogs.upv.es\/index.php?rest_route=\/wp\/v2\/pages\/70\/revisions"}],"up":[{"embeddable":true,"href":"https:\/\/cdvela.blogs.upv.es\/index.php?rest_route=\/wp\/v2\/pages\/63"}],"wp:attachment":[{"href":"https:\/\/cdvela.blogs.upv.es\/index.php?rest_route=%2Fwp%2Fv2%2Fmedia&parent=70"}],"curies":[{"name":"wp","href":"https:\/\/api.w.org\/{rel}","templated":true}]}}