{"id":66,"date":"2014-02-10T21:26:58","date_gmt":"2014-02-10T20:26:58","guid":{"rendered":"http:\/\/cdvela.blogs.upv.es\/?page_id=66"},"modified":"2014-02-10T21:26:58","modified_gmt":"2014-02-10T20:26:58","slug":"gestion-de-las-embarcaciones-upv","status":"publish","type":"page","link":"https:\/\/cdvela.blogs.upv.es\/?page_id=66","title":{"rendered":"Gesti\u00f3n de las embarcaciones UPV"},"content":{"rendered":"<p>De forma colegiada entre los integrantes de este proyecto se convendr\u00e1 la distribuci\u00f3n de los patrones para las regatas incluidas en su calendario, teniendo en cuenta:<\/p>\n<ul>\n<li>El compromiso del patr\u00f3n en asumir la responsabilidad del mantenimiento del barco.<\/li>\n<li>Disponibilidad del patr\u00f3n para llevar a cabo entrenamientos y actividades.<\/li>\n<li>M\u00e9ritos deportivos.<\/li>\n<\/ul>\n<p>La distribuci\u00f3n de las regatas, entre los patrones, se har\u00e1 en una reuni\u00f3n de los patrones autorizados, donde atendiendo a los criterios anteriores se cuantificar\u00e1 el nivel de compromiso para establecer el orden de prioridad.<\/p>\n<p>La distribuci\u00f3n de las regatas entre los patrones conllevar\u00e1 tambi\u00e9n la asignaci\u00f3n de un responsable de la embarcaci\u00f3n. Esta responsabilidad podr\u00e1 ser distribuida por per\u00edodos mensuales, de forma que todos los patrones que disfruten de la embarcaci\u00f3n tengan asignado un per\u00edodo de responsabilidad. La aceptaci\u00f3n por parte de un patr\u00f3n de ser el m\u00e1ximo responsable de la embarcaci\u00f3n durante un per\u00edodo de tiempo, no implica que el resto de patrones se desentiendan del mantenimiento. La tarea principal del m\u00e1ximo responsable ser\u00e1 controlar y supervisar que se llevan a cabo todas aquellas tareas de mantenimiento que sean necesarias durante su per\u00edodo de responsabilidad. Para que estas tareas se lleven a cabo contar\u00e1 en todo momento con el apoyo del resto de patrones y tripulantes. En caso de detectar cualquier anomal\u00eda, informar\u00e1 a la junta directiva para que tome las acciones oportunas.<\/p>\n<p>Se podr\u00e1, de forma extraordinaria, autorizar patronear a personas que por su trayectoria y bagaje deportivo, supongan una contribuci\u00f3n importante. Dicha autorizaci\u00f3n ser\u00e1 siempre puntual, y ser\u00e1 realizada por el \u00c1rea de Deportes o por consenso entre los integrantes de este proyecto.<\/p>\n<p>Con respecto a la normativa para la asignaci\u00f3n de los tripulantes a las diferentes regatas, para cada regata se abrir\u00e1 un periodo de consulta para que los tripulantes indiquen su disponibilidad. En caso de que hayan m\u00e1s candidatos que plazas en los barcos se tendr\u00e1n en cuenta los siguientes criterios para la selecci\u00f3n de la tripulaci\u00f3n:<\/p>\n<ul>\n<li>Conocimientos t\u00e9cnicos sobre las regatas a vela.<\/li>\n<li>Disponibilidad y compromiso con las tareas de gesti\u00f3n y mantenimiento de las embarcaciones de la UPV<\/li>\n<li>Regatas en las que ha participado previamente<\/li>\n<\/ul>\n<p>El objetivo es que haya una rotaci\u00f3n entre todos los tripulantes de forma que todos puedan participar en las competiciones a la vez que se mantenga una base m\u00ednima de tripulantes con experiencia que pueda resolver los incidentes que se pueden presentar en un barco a lo largo de una regata<\/p>\n<p>Siguiendo estos criterios, cada patr\u00f3n decidir\u00e1 los tripulantes que formar\u00e1n los equipos de las regatas y entrenamientos bajo su responsabilidad.<\/p>\n<p>La planificaci\u00f3n y organizaci\u00f3n de las distintas competiciones se realizar\u00e1 a trav\u00e9s de la aplicaci\u00f3n web que se ha desarrollado con tal prop\u00f3sito. Esta aplicaci\u00f3n permite gestionar de forma eficiente la formaci\u00f3n de las tripulaciones de tal forma, que cada regatista puede incluir su disponibilidad de asistencia a cada regata o entrenamiento, y su nivel de experiencia en cada puesto. Los patrones bas\u00e1ndose en la informaci\u00f3n disponible organizan las tripulaciones a cada una de las competiciones incluidas en el proyecto deportivo.<\/p>\n","protected":false},"excerpt":{"rendered":"<p>De forma colegiada entre los integrantes de este proyecto se convendr\u00e1 la distribuci\u00f3n de los patrones para las regatas incluidas en su calendario, teniendo en cuenta: El compromiso del patr\u00f3n [&hellip;]<\/p>\n","protected":false},"author":109,"featured_media":0,"parent":63,"menu_order":2,"comment_status":"closed","ping_status":"open","template":"template-sidebar-right.php","meta":{"footnotes":""},"class_list":["post-66","page","type-page","status-publish","hentry"],"yoast_head":"<!-- This site is optimized with the Yoast SEO plugin v27.3 - https:\/\/yoast.com\/product\/yoast-seo-wordpress\/ -->\n<title>Gesti\u00f3n de las embarcaciones UPV - Equipo de Regatas de Vela de la UPV<\/title>\n<meta name=\"robots\" content=\"index, follow, max-snippet:-1, max-image-preview:large, max-video-preview:-1\" \/>\n<link rel=\"canonical\" href=\"https:\/\/cdvela.blogs.upv.es\/?page_id=66\" \/>\n<meta property=\"og:locale\" content=\"es_ES\" \/>\n<meta property=\"og:type\" content=\"article\" \/>\n<meta property=\"og:title\" content=\"Gesti\u00f3n de las embarcaciones UPV - Equipo de Regatas de Vela de la UPV\" \/>\n<meta property=\"og:description\" content=\"De forma colegiada entre los integrantes de este proyecto se convendr\u00e1 la distribuci\u00f3n de los patrones para las regatas incluidas en su calendario, teniendo en cuenta: El compromiso del patr\u00f3n [&hellip;]\" \/>\n<meta property=\"og:url\" content=\"https:\/\/cdvela.blogs.upv.es\/?page_id=66\" \/>\n<meta property=\"og:site_name\" content=\"Equipo de Regatas de Vela de la UPV\" \/>\n<meta name=\"twitter:card\" content=\"summary_large_image\" \/>\n<meta name=\"twitter:label1\" content=\"Tiempo de lectura\" \/>\n\t<meta name=\"twitter:data1\" content=\"3 minutos\" \/>\n<script type=\"application\/ld+json\" class=\"yoast-schema-graph\">{\"@context\":\"https:\\\/\\\/schema.org\",\"@graph\":[{\"@type\":\"WebPage\",\"@id\":\"https:\\\/\\\/cdvela.blogs.upv.es\\\/?page_id=66\",\"url\":\"https:\\\/\\\/cdvela.blogs.upv.es\\\/?page_id=66\",\"name\":\"Gesti\u00f3n de las embarcaciones UPV - Equipo de Regatas de Vela de la UPV\",\"isPartOf\":{\"@id\":\"https:\\\/\\\/cdvela.blogs.upv.es\\\/#website\"},\"datePublished\":\"2014-02-10T20:26:58+00:00\",\"breadcrumb\":{\"@id\":\"https:\\\/\\\/cdvela.blogs.upv.es\\\/?page_id=66#breadcrumb\"},\"inLanguage\":\"es\",\"potentialAction\":[{\"@type\":\"ReadAction\",\"target\":[\"https:\\\/\\\/cdvela.blogs.upv.es\\\/?page_id=66\"]}]},{\"@type\":\"BreadcrumbList\",\"@id\":\"https:\\\/\\\/cdvela.blogs.upv.es\\\/?page_id=66#breadcrumb\",\"itemListElement\":[{\"@type\":\"ListItem\",\"position\":1,\"name\":\"Portada\",\"item\":\"https:\\\/\\\/cdvela.blogs.upv.es\\\/\"},{\"@type\":\"ListItem\",\"position\":2,\"name\":\"Actividades\",\"item\":\"https:\\\/\\\/cdvela.blogs.upv.es\\\/?page_id=47\"},{\"@type\":\"ListItem\",\"position\":3,\"name\":\"Gesti\u00f3n y mantenimiento de las embarcaciones de la UPV\",\"item\":\"https:\\\/\\\/cdvela.blogs.upv.es\\\/?page_id=63\"},{\"@type\":\"ListItem\",\"position\":4,\"name\":\"Gesti\u00f3n de las embarcaciones UPV\"}]},{\"@type\":\"WebSite\",\"@id\":\"https:\\\/\\\/cdvela.blogs.upv.es\\\/#website\",\"url\":\"https:\\\/\\\/cdvela.blogs.upv.es\\\/\",\"name\":\"Equipo de Regatas de Vela de la UPV\",\"description\":\"Web del Equipo de Regatas de Vela modalidad crucero de la UPV\",\"potentialAction\":[{\"@type\":\"SearchAction\",\"target\":{\"@type\":\"EntryPoint\",\"urlTemplate\":\"https:\\\/\\\/cdvela.blogs.upv.es\\\/?s={search_term_string}\"},\"query-input\":{\"@type\":\"PropertyValueSpecification\",\"valueRequired\":true,\"valueName\":\"search_term_string\"}}],\"inLanguage\":\"es\"}]}<\/script>\n<!-- \/ Yoast SEO plugin. -->","yoast_head_json":{"title":"Gesti\u00f3n de las embarcaciones UPV - Equipo de Regatas de Vela de la UPV","robots":{"index":"index","follow":"follow","max-snippet":"max-snippet:-1","max-image-preview":"max-image-preview:large","max-video-preview":"max-video-preview:-1"},"canonical":"https:\/\/cdvela.blogs.upv.es\/?page_id=66","og_locale":"es_ES","og_type":"article","og_title":"Gesti\u00f3n de las embarcaciones UPV - Equipo de Regatas de Vela de la UPV","og_description":"De forma colegiada entre los integrantes de este proyecto se convendr\u00e1 la distribuci\u00f3n de los patrones para las regatas incluidas en su calendario, teniendo en cuenta: El compromiso del patr\u00f3n [&hellip;]","og_url":"https:\/\/cdvela.blogs.upv.es\/?page_id=66","og_site_name":"Equipo de Regatas de Vela de la UPV","twitter_card":"summary_large_image","twitter_misc":{"Tiempo de lectura":"3 minutos"},"schema":{"@context":"https:\/\/schema.org","@graph":[{"@type":"WebPage","@id":"https:\/\/cdvela.blogs.upv.es\/?page_id=66","url":"https:\/\/cdvela.blogs.upv.es\/?page_id=66","name":"Gesti\u00f3n de las embarcaciones UPV - Equipo de Regatas de Vela de la UPV","isPartOf":{"@id":"https:\/\/cdvela.blogs.upv.es\/#website"},"datePublished":"2014-02-10T20:26:58+00:00","breadcrumb":{"@id":"https:\/\/cdvela.blogs.upv.es\/?page_id=66#breadcrumb"},"inLanguage":"es","potentialAction":[{"@type":"ReadAction","target":["https:\/\/cdvela.blogs.upv.es\/?page_id=66"]}]},{"@type":"BreadcrumbList","@id":"https:\/\/cdvela.blogs.upv.es\/?page_id=66#breadcrumb","itemListElement":[{"@type":"ListItem","position":1,"name":"Portada","item":"https:\/\/cdvela.blogs.upv.es\/"},{"@type":"ListItem","position":2,"name":"Actividades","item":"https:\/\/cdvela.blogs.upv.es\/?page_id=47"},{"@type":"ListItem","position":3,"name":"Gesti\u00f3n y mantenimiento de las embarcaciones de la UPV","item":"https:\/\/cdvela.blogs.upv.es\/?page_id=63"},{"@type":"ListItem","position":4,"name":"Gesti\u00f3n de las embarcaciones UPV"}]},{"@type":"WebSite","@id":"https:\/\/cdvela.blogs.upv.es\/#website","url":"https:\/\/cdvela.blogs.upv.es\/","name":"Equipo de Regatas de Vela de la UPV","description":"Web del Equipo de Regatas de Vela modalidad crucero de la UPV","potentialAction":[{"@type":"SearchAction","target":{"@type":"EntryPoint","urlTemplate":"https:\/\/cdvela.blogs.upv.es\/?s={search_term_string}"},"query-input":{"@type":"PropertyValueSpecification","valueRequired":true,"valueName":"search_term_string"}}],"inLanguage":"es"}]}},"_links":{"self":[{"href":"https:\/\/cdvela.blogs.upv.es\/index.php?rest_route=\/wp\/v2\/pages\/66","targetHints":{"allow":["GET"]}}],"collection":[{"href":"https:\/\/cdvela.blogs.upv.es\/index.php?rest_route=\/wp\/v2\/pages"}],"about":[{"href":"https:\/\/cdvela.blogs.upv.es\/index.php?rest_route=\/wp\/v2\/types\/page"}],"author":[{"embeddable":true,"href":"https:\/\/cdvela.blogs.upv.es\/index.php?rest_route=\/wp\/v2\/users\/109"}],"replies":[{"embeddable":true,"href":"https:\/\/cdvela.blogs.upv.es\/index.php?rest_route=%2Fwp%2Fv2%2Fcomments&post=66"}],"version-history":[{"count":0,"href":"https:\/\/cdvela.blogs.upv.es\/index.php?rest_route=\/wp\/v2\/pages\/66\/revisions"}],"up":[{"embeddable":true,"href":"https:\/\/cdvela.blogs.upv.es\/index.php?rest_route=\/wp\/v2\/pages\/63"}],"wp:attachment":[{"href":"https:\/\/cdvela.blogs.upv.es\/index.php?rest_route=%2Fwp%2Fv2%2Fmedia&parent=66"}],"curies":[{"name":"wp","href":"https:\/\/api.w.org\/{rel}","templated":true}]}}